*3 + 4*y**2 - 7*y - 6. Let a be t(-5). Suppose -5*w = -a*w. Suppose 6*f - 7*f = w. What is s(f)?
4
Let t(q) = q - 1. Let w be 8/20 + (-4)/10. Let o be (w/1)/(-2 - -3). Give t(o).
-1
Let j(n) = -n**2 - 2*n + 1. Let g be (30/8)/(-5)*-4. Suppose -71 = -g*t - b + 18, 2*t - b = 61. Suppose -5*a + t = -5*i, -2*a - 5*i - 28 = -6*a. Calculate j(a).
-7
Suppose -13*j = -147 + 43. Suppose j*a + 3 = 5*a. Let v(h) = -7*h - 1. Give v(a).
6
Let l(c) = -c**2 + 3*c + 4. Let y be l(3). Suppose y*x + 6 = 10. Let z(n) = -12*n**2 + 1. Calculate z(x).
-11
Let h(i) = 5*i**3 + 6 - 6*i**2 - 1 - 3*i + 9*i**2 - 4*i**3 + 0*i**2. Suppose 14*g = 9*g - 20. What is h(g)?
1
Let b(r) = 12*r**3 - r**2 - r - 1. Suppose 9 = -4*s + 29, 3*s - 17 = 2*t. Determine b(t).
-13
Let v(q) = -3*q + 0*q + q. Let c(p) be the first derivative of p**4/4 + 5*p**3 + 7*p**2 + 2*p - 3. Let m be c(-14). Calculate v(m).
-4
Let h(n) be the third derivative of n**5/60 + n**4/8 + n**3/6 + 2*n**2 - 2*n. Give h(-2).
-1
Suppose 0 = -46*o + 74*o - 56. Let r(t) be the first derivative of 6 - 1/2*t**2 - o*t**3 + 1/4*t**4 + t. Calculate r(6).
-5
Let u be 11/6 + 7/42. Let m(p) = p**u + 3 + p**3 - 6*p**2 - 2*p**2. Let c(a) = -a**3 + 5*a**2 + 6*a + 7. Let l be c(6). Determine m(l).
3
Let c(j) be the first derivative of j**6/40 + j**3/6 + j**2/2 - 5. Let w(o) be the second derivative of c(o). What is w(1)?
4
Suppose 0 = 5*y - y. Suppose 2*d - 5*h - 3 = y, -4*d + 4 = -h + 25. Let i = d - 0. Let l(c) = 2*c + 8. Determine l(i).
-4
Let s be 3 - (196/70 + (-4)/5). Let u(y) = -3*y**2 + y. Determine u(s).
-2
Let u(i) be the second derivative of 0*i**4 + 0 - i**2 - 1/20*i**5 - 7*i + 1/6*i**3. Let s(t) = t**2 + 5*t + 2. Let a be s(-4). What is u(a)?
4
Let o(m) = 4*m - 10*m**2 + 36*m**2 + 1 - 9*m**2 - 16*m**2 - 12*m. Determine o(9).
10
Let z(k) = 2*k - 3. Let d = 394 + -383. Give z(d).
19
Let d(n) be the second derivative of -1/20*n**5 + 6*n**2 + 0 - 15*n + 1/12*n**4 + 1/6*n**3. Let y be (-1)/2*1*0. Give d(y).
12
Suppose -4*r = v - 3, -3*r - 5*v + 6 = -8*v. Let i(q) = -r + 3*q + 7 - 8 - 2*q + 2*q**2. Calculate i(2).
8
Let x(n) = -5*n + 6. Let q(z) = -z**2 + 2*z. Let t be q(3). Let w(d) = 26*d - 30. Let y(l) = t*w(l) - 16*x(l). Determine y(6).
6
Suppose 23*q + 33 = 24*q. Let t = -35 + q. Let f(z) = -3*z**2 - z - 2. Determine f(t).
-12
Let f(h) = -h**3 - 5*h**2 - 2*h + 3. Let y(l) be the third derivative of 5/6*l**3 + 1/60*l**5 - 1/4*l**4 + 0*l - 4*l**2 + 0. Let c be y(3). Give f(c).
-5
Let h(m) = -2*m + 7. Let j be 9/((-36)/16) - 17. Let r be (0 - (-3)/(-3))/(3/j). Calculate h(r).
-7
Let f(n) = n - 1. Suppose 24 = 23*v - 21*v. Give f(v).
11
Let w(x) = -x**3 + 15*x**2 - 38*x - 10. Let u be w(12). Let m be (1*(-2)/2)/(17/u). Let a(y) = 3*y**2 - y - 1. What is a(m)?
9
Let r = 114 + -112. Let l(a) = 0 - 4 + 2*a - a**2 + 1 + 0*a. Give l(r).
-3
Let g(s) = 3*s - 4. Let o(u) = -u + 2. Let i(d) = -5*g(d) - 10*o(d). Determine i(2).
-10
Suppose 0 = 980*f - 981*f - 3. Let g(d) = 5*d**3 - 4*d**2 - d**3 + 3 - 5*d**3. Determine g(f).
-6
Let d = -9 + 14. Let b = 2 + d. Suppose -2*t + t - b = 0. Let p(q) = -q**2 - 6*q + 5. What is p(t)?
-2
Let c(w) = 2*w - 12. Suppose -6*i + 7*i - 13 = 0. What is c(i)?
14
Suppose -2*p - 66 = 4*t, 90 - 28 = -3*t - 4*p. Let j(s) = -3*s - 43. Give j(t).
-1
Let b(v) = 1 + 9*v**2 - 3*v + 3*v. Let f(m) = 9*m + 2 - 8*m - 10. Let u be f(9). Calculate b(u).
10
Let c(s) = -s**2 + 3*s - 8. Let t(j) = -j - 1. Suppose 0 = -7*d - 5 + 12. Let w(y) = d*c(y) - 2*t(y). Determine w(4).
-2
Let x(m) = -m**3 - 11*m**2 - 2. Let p = -551 - -540. What is x(p)?
-2
Let b(o) = -7*o**2. Let l(g) = -2 + g**3 - 4*g**3 + 1 + 4*g**3 + 2*g. Let r be l(0). What is b(r)?
-7
Suppose 0 = -2*w + 3*y - 4*y + 68, 4*w + y = 134. Let g = w + -34. Let l(r) = 7*r**2 + 2*r + 1. Give l(g).
6
Suppose 31*x + 18*x = 0. Let p(u) = 3*u + 6. Calculate p(x).
6
Let o(y) be the third derivative of -y**4/8 + 12*y**2. Suppose -4*v = 4 + 12. Let w(m) = -2*m - 7. Let f be w(v). Give o(f).
-3
Let v(h) = -h**3 + 10*h**2 - 8*h + 13. Let c be v(9). Let t be (c/(-55))/((-2)/5). Let i(p) = -p + 0*p - t - p + 0 + 2*p**3. Give i(2).
11
Let m(v) = -2*v - 3. Suppose 3*z = -3*r + 24, 3*r + 32 = 4*z + 4*r. Suppose -z + 36 = 7*g. What is m(g)?
-11
Let h(z) = z**3 - 5*z**2 + 9*z - 13. Let k be h(4). Let q(m) = 8 + m - k + 1. Calculate q(-7).
-5
Let z(j) be the first derivative of j**4/4 + 4*j**3/3 + 2*j + 221. Determine z(-4).
2
Let k = 107 + -51. Suppose -2*v - 20 = -k. Let o = v + -19. Let m(a) = -14*a**2 - a. Give m(o).
-13
Let o be (-3)/((-54)/(-4)) - 517/(-99). Let j(k) = 3*k**2 - k**3 - 4 + 6*k**2 - 3*k + 2*k**2 - 5*k**2. Determine j(o).
6
Let n(w) = w**2 - 8*w - 11. Suppose 3*a - 39 = 3*i, -3*a + 0*a = -i - 47. Suppose -a*s = -21*s + 32. Calculate n(s).
-11
Let i(o) = -8*o + 1. Let u be -1*5/(-5 - 0). Give i(u).
-7
Let s(v) be the second derivative of -v**3/6 - 8*v**2 - 10*v - 5. Determine s(-12).
-4
Let m(p) = -p**3 + 4*p + 1. Let j = -11 + 9. Let n be m(j). Let h(d) = -d + 1. Determine h(n).
0
Let x = -3834 + 3840. Let l(g) = -6*g + g + g**2 - 3 + 0*g. What is l(x)?
3
Let u(d) be the second derivative of d**5/20 + d**4/3 - d**3/3 - d**2 + 162*d. Let i = -9 - -5. Determine u(i).
6
Let n(d) = -d**2 - 70 - 70 - 62 - 65 + 3*d + 271. Suppose 0 = y + 5*p - 18, 5*p + 5 = -2*y + 26. Give n(y).
4
Let h be 250/(-200) - (1 - (-2)/(-8)). Let v(c) = -c - 2. Determine v(h).
0
Let k(i) be the second derivative of -7 + 4 + 3 + i**2 + 33*i - i**3. Calculate k(-2).
14
Let k(a) = a - 5. Let d = -17 - -12. Let b(q) = -q**2 - 5*q + 9. Let n be b(d). Let s = n + -13. Determine k(s).
-9
Let z be (1 - 3)/(-1)*34. Let i = z - 48. Suppose -7*o = -12*o - i. Let d(v) = v**3 + 2*v**2 - 5*v - 4. Calculate d(o).
-16
Suppose -343*o + 352*o + 54 = 0. Let h(u) = u**3 + 5*u**2 - 4*u + 8. Give h(o).
-4
Let o(u) be the second derivative of u**4/12 + u**3/3 + 7*u**2/2 - 11*u - 4. What is o(0)?
7
Let f be (4 - 3) + 4 + 0. Let p(z) = 0*z + 2*z - f + z - 6*z. Give p(-4).
7
Let w(b) = b**2 + 6*b - 4. Let u = -1493 + 1487. Calculate w(u).
-4
Let p(r) be the third derivative of -r**6/120 + r**5/10 - 5*r**4/24 + 7*r**3/6 - r**2. Let k be 42/4 - (-9)/(-18). Suppose k*z - 29 - 21 = 0. Determine p(z).
7
Let p(f) = f**2 - 9*f + 8. Let l(r) = 4*r**2 - r. Let s be 2/(-5) + 7/5. Let n be l(s). Suppose n*x - 14 = x. Determine p(x).
-6
Let r(d) = -7*d**3 - 12*d**2 - 11. Let u(f) = 8*f**3 + 13*f**2 - f + 12. Let h(n) = 7*r(n) + 6*u(n). Let l be 9/(-1) + 14 + -10. Calculate h(l).
0
Let u be (30/(-105))/((-1)/7). Let j(t) = 2*t**2 + 5*t**2 - 4*t**2 + 4 + u*t**2. Let p(d) = -4*d**2 - 3. Let n(c) = 3*j(c) + 4*p(c). Calculate n(-2).
-4
Let i(b) be the first derivative of -3*b**2/2 + 27*b + 659. Determine i(7).
6
Let a(y) be the second derivative of -y**4/6 + y**3/6 - 3*y**2/2 - 140*y. What is a(-2)?
-13
Suppose -2*j = -p - 7, 2*j = -37*p + 34*p + 11. Let l(s) = -3*s**2 + 13*s + 1. Determine l(j).
5
Let v(y) be the second derivative of 0*y**6 + 0*y**3 - 12*y - 1/2520*y**7 + y**4 + 0 + 0*y**2 + 3/40*y**5. Let d(i) be the third derivative of v(i). Give d(0).
9
Let x(u) be the first derivative of -4*u**4 + u**3/3 - u + 18. Calculate x(-1).
16
Let x(p) = -3*p**3 - 6*p**2 - 5*p - 5. Let g(k) = -k**3 + k**2 + k. Suppose -5*q - 18 = -4*n, 3*q + 4*n = -0*q + 2. Let o(m) = q*g(m) + x(m). Give o(-7).
-5
Let c(k) = 5*k**2 + 12*k - 6. Let v(x) = x**2 + 1. Let r(p) = -c(p) + 4*v(p). Let s be r(-13). Let a(q) = -2*q - 4. Determine a(s).
2
Let z = 48 - 54. Let l be ((-66)/(-55))/(z/(-10)). Let p(b) = -3*b**2 - 3*b + 1. Give p(l).
-17
Suppose -4*d + 5*l - 21 = -0*d, 3*d - 28 = -5*l. Suppose -d = 2*m - 3*m. Let u(j) = 0*j + 0*j + j - m. Calculate u(0).
-1
Let h(r) = r - 10. Suppose -m = 2*o - 15, 3*o + 18 = 5*o + 2*m. Suppose 19 = 5*l - o. Give h(l).
-5
Let u(y) = y**3 + 2*y**2 + 5*y + 6. Let w(o) = o**3 - o**2. Let k(i) = -u(i) + 2*w(i). Let q = 0 - -5. Calculate k(q).
-6
Let s(l) = -l**2 - 7*l - 3 + 7*l + l + 3*l. Let u(b) = b - 1. Let o(j) = -s(j) + 3*u(j). What is o(2)?
2
Suppose -4*b + 3*x = -15, -5*x = 5*b + 31 - 6. Let g(u) be the second derivative of 0 + 2/3*u**3 + 3*u + b*u**2. Give g(-2).
-8
Let a(k) = k**3 - 3*k**2 - 7*k + 6. Let z(y) = y**2 - y - 1. Let i(n) = a(n) - z(n). Let q be -15*(4 - 3)/(-3). What is i(q)?
2
Let a(k) = -4*k.